 180478?
8
What is the units digit of 43507?
7
What is the thousands digit of 6710424?
0
What is the units digit of 5134691?
1
What is the thousands digit of 172974?
2
What is the hundreds digit of 1072079?
0
What is the tens digit of 798227?
2
What is the tens digit of 33727716?
1
What is the tens digit of 1075394?
9
What is the hundred thousands digit of 164556?
1
What is the hundreds digit of 78596?
5
What is the thousands digit of 55354?
5
What is the hundred thousands digit of 351810?
3
What is the thousands digit of 653228?
3
What is the millions digit of 13920182?
3
What is the ten thousands digit of 567907?
6
What is the hundred thousands digit of 2221215?
2
What is the hundreds digit of 355758?
7
What is the ten thousands digit of 72966?
7
What is the units digit of 6189807?
7
What is the ten thousands digit of 2679833?
7
What is the ten thousands digit of 904184?
0
What is the hundreds digit of 230067?
0
What is the thousands digit of 1579218?
9
What is the units digit of 369340?
0
What is the hundred thousands digit of 434692?
4
What is the hundred thousands digit of 503150?
5
What is the hundred thousands digit of 236900?
2
What is the hundred thousands digit of 355968?
3
What is the millions digit of 6219165?
6
What is the hundred thousands digit of 1538519?
5
What is the ten thousands digit of 2711047?
1
What is the hundreds digit of 27351?
3
What is the hundred thousands digit of 11468329?
4
What is the ten thousands digit of 44121?
4
What is the hundred thousands digit of 19526031?
5
What is the thousands digit of 562422?
2
What is the millions digit of 1580872?
1
What is the tens digit of 1184607?
0
What is the ten thousands digit of 75236?
7
What is the tens digit of 2387117?
1
What is the units digit of 576847?
7
What is the hundreds digit of 39671?
6
What is the ten thousands digit of 43265?
4
What is the tens digit of 7149135?
3
What is the millions digit of 1927252?
1
What is the thousands digit of 1575587?
5
What is the ten thousands digit of 107308?
0
What is the thousands digit of 21332?
1
What is the hundreds digit of 328839?
8
What is the ten thousands digit of 309337?
0
What is the hundreds digit of 2704353?
3
What is the ten thousands digit of 5068769?
6
What is the units digit of 108046?
6
What is the units digit of 798941?
1
What is the millions digit of 3767513?
3
What is the ten thousands digit of 3816139?
1
What is the thousands digit of 915883?
5
What is the hundreds digit of 126148?
1
What is the units digit of 7830801?
1
What is the thousands digit of 776937?
6
What is the units digit of 2864976?
6
What is the thousands digit of 403651?
3
What is the units digit of 20200952?
2
What is the ten thousands digit of 26484?
2
What is the tens digit of 1259882?
8
What is the hundreds digit of 7704303?
3
What is the tens digit of 7774224?
2
What is the ten thousands digit of 16139248?
3
What is the ten thousands digit of 464900?
6
What is the thousands digit of 567315?
7
What is the units digit of 1422674?
4
What is the hundred thousands digit of 4983196?
9
What is the hundreds digit of 213566?
5
What is the units digit of 14330368?
8
What is the millions digit of 1801662?
1
What is the tens digit of 7290452?
5
What is the ten thousands digit of 142203?
4
What is the hundreds digit of 1166406?
4
What is the units digit of 5225829?
9
What is the hundreds digit of 334289?
2
What is the ten thousands digit of 209795?
0
What is the units digit of 141682?
2
What is the ten thousands digit of 8345980?
4
What is the thousands digit of 20725745?
5
What is the hundred thousands digit of 9481033?
4
What is the units digit of 9269622?
2
What is the thousands digit of 3584?
3
What is the hundreds digit of 1263355?
3
What is the hundred thousands digit of 5442246?
4
What is the millions digit of 2898524?
2
What is the tens digit of 162346?
4
What is the ten thousands digit of 3454160?
5
What is the hundred thousands digit of 3694836?
6
What is the thousands digit of 42520937?
0
What is the units digit of 29674?
4
What is the ten thousands digit of 447476?
4
What is the millions digit of 2911554?
2
What is the units digit of 656025?
5
What is the ten thousands digit of 79153?
7
What is the thousands digit of 21077164?
7
What is the thousands digit of 606614?
6
What is the thousands digit of 993189?
3
What is the ten thousands digit of 877917?
7
What is the ten thousands digit of 12911984?
1
What is the units digit of 630721?
1
What is the ten thousands digit of 735358?
3
What is the hundreds digit of 9595?
5
What is the thousands digit of 1386635?
6
What is the ten thousands digit of 3803054?
0
What is the millions digit of 2051489?
2
What is the tens digit of 180322?
2
What is the hundred thousands digit of 217006?
2
What is the hundreds digit of 245617?
6
What is the ten thousands digit of 498956?
9
What is the thousands digit of 7002914?
2
What is the thousands digit of 1951165?
1
What is the hundred thousands digit of 156450?
1
What is the tens digit of 1876208?
0
What is the units digit of 3632523?
3
What is the tens digit of 12769462?
6
What is the hundreds digit of 4359147?
1
What is the millions digit of 7490002?
7
What is the hundred thousands digit of 305961?
3
What is the millions digit of 3889797?
3
What is the thousands digit of 1333039?
3
What is the millions digit of 1963961?
1
What is the ten thousands digit of 386653?
8
What is the ten thousands digit of 8972305?
7
What is the tens digit of 489294?
9
What is the tens digit of 35075614?
1
What is the units digit of 794920?
0
What is the millions digit of 12364221?
2
What is the units digit of 9710409?
9
What is the hundreds digit of 6194239?
2
What is the hundreds digit of 414964?
9
What is the millions digit of 1270386?
1
What is the ten thousands digit of 28594427?
9
What is the ten thousands digit of 7897800?
9
What is the tens digit of 737448?
4
What is the units digit of 1146210?
0
What is the hundreds digit of 272408?
4
What is the hundred thousands digit of 297119?
2
What is the millions digit of 4005769?
4
What is the hundreds digit of 4229010?
0
What is the thousands digit of 560098?
0
What is the units digit of 29249572?
2
What is the ten thousands digit of 769898?
6
What is the units digit of 8059471?
1
What is the ten thousands digit of 4590139?
9
What is the hundred thousands digit of 3255311?
2
What is the thousands digit of 115001?
5
What is the thousands digit of 854779?
4
What is the thousands digit of 3312013?
2
What is the ten thousands digit of 923716?
2
What is the tens digit of 19526?
2
What is the hundred thousands digit of 6199086?
1
What is the ten thousands digit of 4910013?
1
What is the ten thousands digit of 918118?
1
What is the hundreds digit of 340973?
9
What is the ten thousands digit of 183486?
8
What is the thousands digit of 273074?
3
What is the millions digit of 6668022?
6
What is the thousands digit of 3463052?
3
What is the units digit of 19379?
9
What is the hundreds digit of 83016?
0
What is the tens digit of 1890343?
4
What is the tens digit of 776587?
8
What is the tens digit of 502892?
9
What is the hundreds digit of 538106?
1
What is the hundreds digit of 2575639?
6
What is the hundreds digit of 546201?
2
What is the millions digit of 6687413?
6
What is the units digit of 254437?
7
What is the thousands digit of 453356?
3
What is the thousands digit of 37161?
7
What is the tens digit of 747309?
0
What is the units digit of 912300?
0
What is the thousands digit of 28527059?
7
What is the units digit of 3867873?
3
What is the units digit of 183409?
9
What is the units digit of 154819?
9
What is the hundred thousands digit of 121599?
1
What is the units digit of 674507?
7
What is the hundred thousands digit of 291420?
2
What is the units digit of 355187?
7
What is the hundreds digit of 12182915?
9
What is the ten millions digit of 12117737?
1
What is the ten thousands digit of 1289451?
8
What is the ten thousands digit of 390077?
9
What is the thousands digit of 906817?
6
What is the hundreds digit of 44911?
9
What is the tens digit of 2993223?
2
What is the thousands digit of 207141?
7
What is the thousands digit of 122923?
2
What is the tens digit of 26000733?
3
What is the tens digit of 1103273?
7
What is the ten